{"id":7005,"date":"2021-03-01T17:02:09","date_gmt":"2021-03-01T10:02:09","guid":{"rendered":"https:\/\/bukizi.com\/?page_id=7005"},"modified":"2021-03-04T09:41:59","modified_gmt":"2021-03-04T02:41:59","slug":"chinh-sach-bao-hanh","status":"publish","type":"page","link":"https:\/\/bukizi.com\/?page_id=7005","title":{"rendered":"Ch\u00ednh s\u00e1ch b\u1ea3o h\u00e0nh"},"content":{"rendered":"<p>[vc_row full_width=&#8221;fullwidth&#8221; techland_align_items=&#8221;&#8221; techland_lg_align_items=&#8221;&#8221; techland_md_align_items=&#8221;&#8221; techland_sm_align_items=&#8221;&#8221;][vc_row full_width=&#8221;fullwidth&#8221; techland_align_items=&#8221;&#8221; techland_lg_align_items=&#8221;&#8221; techland_md_align_items=&#8221;&#8221; techland_sm_align_items=&#8221;&#8221;][vc_column]<header id=\"top-bar\" class=\"top-bar top-bar--light sticky-off nt-shortcode-header\" data-nav-anchor=\"true\" data-res-css=\"             #nt-logo.top-bar__logo.site-logo img { width:121px; } #nt-logo.top-bar__logo.site-logo img { height:45px; }  \"><div class=\"top-bar__inner\"><div class=\"container-fluid\"><div class=\"row align-items-center no-gutters\"><a href=\"https:\/\/bukizi.com\/\" id=\"nt-logo\" class=\"top-bar__logo site-logo\"><img src=\"https:\/\/bukizi.com\/wp-content\/uploads\/2020\/09\/Asset-2@4x3.png\" alt=\"Bukizi\" class=\"img-fluid main-logo\" \/><\/a><a id=\"top-bar__navigation-toggler\" class=\"top-bar__navigation-toggler\" href=\"javascript:void(0);\"><span><\/span><\/a><div class=\"top-bar__collapse\"><nav id=\"top-bar__navigation\" class=\"top-bar__navigation\"><ul class=\"nav-menu align-to-right\"><li id=\"menu-item-6272\" class=\"menu-item menu-item-type-post_type menu-item-object-page menu-item-home nt-first-menu-item menu-item-6272\"><a href=\"https:\/\/bukizi.com\/\">Trang ch\u1ee7<\/a><\/li>\n<li id=\"menu-item-6442\" class=\"menu-item menu-item-type-post_type menu-item-object-page menu-item-6442\"><a href=\"https:\/\/bukizi.com\/?page_id=1105\">Gi\u1ea3i ph\u00e1p<\/a><\/li>\n<li id=\"menu-item-6441\" class=\"menu-item menu-item-type-post_type menu-item-object-page current_page_parent menu-item-6441\"><a href=\"https:\/\/bukizi.com\/?page_id=16\">Tin t\u1ee9c<\/a><\/li>\n<li id=\"menu-item-6577\" class=\"menu-item menu-item-type-post_type menu-item-object-page nt-last-menu-item menu-item-6577\"><a href=\"https:\/\/bukizi.com\/?page_id=1657\">Li\u00ean h\u1ec7<\/a><\/li>\n<\/ul><\/nav><div id=\"top-bar__action\" class=\"top-bar__action\"><div class=\"d-xl-flex flex-xl-row flex-xl-wrap align-items-xl-center\"><div class=\"top-bar__auth-btns\"><a class=\"btn-first\"  href=\"https:\/\/partner.bukizi.com\/sign-up\" target=\"_blank\" title=\"\u0110\u0103ng k\u00fd t\u00e0i kho\u1ea3n\">\u0110\u0103ng k\u00fd t\u00e0i kho\u1ea3n<\/a><a class=\"btn-sceond custom-btn custom-btn--medium custom-btn--style-5\" href=\"https:\/\/bukizi.com\/?page_id=1086\" title=\"How It Works\">B\u1eaft \u0111\u1ea7u d\u00f9ng th\u1eed<\/a><\/div><\/div><\/div><\/div><\/div><\/div><\/div><\/header>[\/vc_column][\/vc_row][vc_row][vc_column][\/vc_column][\/vc_row][vc_row full_width=&#8221;fullwidth&#8221; techland_align_items=&#8221;center&#8221; techland_lg_align_items=&#8221;&#8221; techland_md_align_items=&#8221;&#8221; techland_sm_align_items=&#8221;&#8221;][vc_column]<div id=\"hero\" class=\"hero breadcrumb-section jarallax text-center\" data-img-src=\"https:\/\/bukizi.com\/wp-content\/uploads\/2019\/05\/1-1-1.jpg\" data-res-css=\".nt-hero-subtitle.__subtitle{color:#fcc92f!important;font-size:50px;}.hero__title span{font-size:60px;}\"><div class=\"container\"><h1 class=\"hero__title\"><span>Ch\u00ednh s\u00e1ch b\u1ea3o h\u00e0nh<\/span><\/h1><\/div><\/div>[\/vc_column][\/vc_row][vc_row][vc_column css=&#8221;.vc_custom_1611730661194{padding-top: 50px !important;}&#8221;][vc_row_inner][vc_column_inner][vc_column_text]<\/p>\n<p>BUKIZI c\u00f3 tr\u00e1ch nhi\u1ec7m b\u1ea3o h\u00e0nh mi\u1ec5n ph\u00ed ch\u01b0\u01a1ng tr\u00ecnh ph\u1ea7n m\u1ec1m qu\u1ea3n l\u00fd ch\u1ee9c n\u0103ng h\u1ec7 th\u1ed1ng v\u00e0 n\u1ed9i dung c\u1ee7a n\u1ec1n t\u1ea3ng trong th\u1eddi gian 12 th\u00e1ng t\u00ednh t\u1eeb ng\u00e0y hai b\u00ean k\u00fd k\u1ebft Bi\u00ean b\u1ea3n nghi\u1ec7m thu b\u00e0n giao s\u1ea3n ph\u1ea9m.<\/p>\n<p>\u00b7 C\u00e1c ph\u1ea7n vi\u1ec7c b\u1ea3o h\u00e0nh bao g\u1ed3m vi\u1ec7c s\u1eeda l\u1ed7i do BUKIZI x\u00e2y d\u1ef1ng v\u00e0 kh\u00f4ng bao g\u1ed3m vi\u1ec7c x\u1eed l\u00fd c\u00e1c t\u00ecnh hu\u1ed1ng x\u1ea3y ra do nguy\u00ean nh\u00e2n l\u00e0 l\u1ed7i c\u1ee7a c\u00e1c ch\u01b0\u01a1ng tr\u00ecnh ph\u1ea7n m\u1ec1m kh\u00e1c, v\u00ed d\u1ee5 nh\u01b0: Ph\u1ea7n m\u1ec1m h\u1ec7 \u0111i\u1ec1u h\u00e0nh, ph\u1ea7n m\u1ec1m qu\u1ea3n tr\u1ecb m\u1ea1ng, ho\u1eb7c nh\u1eefng l\u1ed7i c\u1ee7a m\u00f4i tr\u01b0\u1eddng v\u1eadn h\u00e0nh v\u00e0 c\u01a1 s\u1edf d\u1eef li\u1ec7u.<\/p>\n<p>\u00b7 Trong th\u1eddi gian b\u1ea3o h\u00e0nh BUKIZI c\u00f3 tr\u00e1ch nhi\u1ec7m \u0111\u1ec1 xu\u1ea5t ph\u01b0\u01a1ng \u00e1n kh\u1eafc ph\u1ee5c v\u00e0 x\u1eed l\u00fd l\u1ed7i c\u1ee7a h\u1ec7 th\u1ed1ng ch\u1eadm nh\u1ea5t l\u00e0 trong v\u00f2ng 03 ng\u00e0y k\u1ec3 t\u1eeb khi nh\u1eadn \u0111\u01b0\u1ee3c y\u00eau c\u1ea7u b\u1ea3o h\u00e0nh c\u1ee7a kh\u00e1ch h\u00e0ng b\u1eb1ng v\u0103n b\u1ea3n ho\u1eb7c qua \u0111i\u1ec7n tho\u1ea1i.<\/p>\n<p>\u00b7 Tr\u01b0\u1eddng h\u1ee3p y\u00eau c\u1ea7u b\u1ea3o h\u00e0nh c\u1ee7a kh\u00e1ch h\u00e0ng bao g\u1ed3m c\u00e1c y\u00eau c\u1ea7u ph\u00e1t sinh ngo\u00e0i ph\u1ea1m vi d\u1ecbch v\u1ee5 b\u1ea3o h\u00e0nh (do c\u00e1c ph\u1ea7n m\u1ec1m kh\u00e1c hay c\u00e1c y\u00eau c\u1ea7u s\u1eeda \u0111\u1ed5i b\u1ed5 sung n\u1ed9i dung c\u1ee7a h\u1ec7 th\u1ed1ng so v\u1edbi y\u00eau c\u1ea7u ban \u0111\u1ea7u), kh\u00e1ch h\u00e0ng ph\u1ea3i c\u00f3 tr\u00e1ch nhi\u1ec7m thanh to\u00e1n th\u00eam chi ph\u00ed b\u1ea3o h\u00e0nh do 2 b\u00ean th\u1ecfa thu\u1eadn.<\/p>\n<p>\u00b7 K\u1ebft th\u00fac giai \u0111o\u1ea1n b\u1ea3o h\u00e0nh, t\u00f9y theo nhu c\u1ea7u v\u00e0 t\u00ecnh h\u00ecnh th\u1ef1c t\u1ebf, hai b\u00ean c\u00f3 th\u1ec3 k\u00fd k\u1ebft c\u00e1c h\u1ee3p \u0111\u1ed3ng n\u00e2ng c\u1ea5p ch\u01b0\u01a1ng tr\u00ecnh ho\u1eb7c (v\u00e0) b\u1ea3o tr\u00ec h\u1ec7 th\u1ed1ng theo c\u00e1c \u0111i\u1ec1u ki\u1ec7n m\u1edbi.<\/p>\n<p>[\/vc_column_text][\/vc_column][\/vc_row][vc_row][vc_column]<div class=\"spacer py-2\"><\/div>[\/vc_column][\/vc_row]<\/p>\n","protected":false},"excerpt":{"rendered":"<p>[vc_row full_width=&#8221;fullwidth&#8221; techland_align_items=&#8221;&#8221; techland_lg_align_items=&#8221;&#8221; techland_md_align_items=&#8221;&#8221; techland_sm_align_items=&#8221;&#8221;][vc_row full_width=&#8221;fullwidth&#8221; techland_align_items=&#8221;&#8221; techland_lg_align_items=&#8221;&#8221; techland_md_align_items=&#8221;&#8221; techland_sm_align_items=&#8221;&#8221;][vc_column][\/vc_column][\/vc_row][vc_row][vc_column][\/vc_column][\/vc_row][vc_row full_width=&#8221;fullwidth&#8221; techland_align_items=&#8221;center&#8221; techland_lg_align_items=&#8221;&#8221; techland_md_align_items=&#8221;&#8221; techland_sm_align_items=&#8221;&#8221;][vc_column][\/vc_column][\/vc_row][vc_row][vc_column css=&#8221;.vc_custom_1611730661194{padding-top: 50px !important;}&#8221;][vc_row_inner][vc_column_inner][vc_column_text] BUKIZI c\u00f3 tr\u00e1ch nhi\u1ec7m b\u1ea3o h\u00e0nh mi\u1ec5n ph\u00ed ch\u01b0\u01a1ng tr\u00ecnh ph\u1ea7n m\u1ec1m qu\u1ea3n l\u00fd ch\u1ee9c n\u0103ng h\u1ec7 th\u1ed1ng v\u00e0 n\u1ed9i dung c\u1ee7a n\u1ec1n t\u1ea3ng trong th\u1eddi gian 12 th\u00e1ng t\u00ednh t\u1eeb ng\u00e0y hai b\u00ean k\u00fd k\u1ebft&#8230;<\/p>\n","protected":false},"author":1,"featured_media":0,"parent":0,"menu_order":0,"comment_status":"closed","ping_status":"closed","template":"custom-page.php","meta":{"kk_blocks_editor_width":"","_kiokenblocks_attr":"","_kiokenblocks_dimensions":""},"featured_image_urls":{"full":"","thumbnail":"","medium":"","medium_large":"","large":"","1536x1536":"","2048x2048":"","the_grid_size1":"","the_grid_size2":"","the_grid_size3":"","the_grid_size4":"","the_grid_size5":"","woocommerce_thumbnail":"","woocommerce_single":"","woocommerce_gallery_thumbnail":"","shop_catalog":"","shop_single":"","shop_thumbnail":""},"post_excerpt_stackable":"<p>[vc_row full_width=&#8221;fullwidth&#8221; techland_align_items=&#8221;&#8221; techland_lg_align_items=&#8221;&#8221; techland_md_align_items=&#8221;&#8221; techland_sm_align_items=&#8221;&#8221;][vc_row full_width=&#8221;fullwidth&#8221; techland_align_items=&#8221;&#8221; techland_lg_align_items=&#8221;&#8221; techland_md_align_items=&#8221;&#8221; techland_sm_align_items=&#8221;&#8221;][vc_column]Trang ch\u1ee7 Gi\u1ea3i ph\u00e1p Tin t\u1ee9c Li\u00ean h\u1ec7 \u0110\u0103ng k\u00fd t\u00e0i kho\u1ea3nB\u1eaft \u0111\u1ea7u d\u00f9ng th\u1eed[\/vc_column][\/vc_row][vc_row][vc_column][\/vc_column][\/vc_row][vc_row full_width=&#8221;fullwidth&#8221; techland_align_items=&#8221;center&#8221; techland_lg_align_items=&#8221;&#8221; techland_md_align_items=&#8221;&#8221; techland_sm_align_items=&#8221;&#8221;][vc_column]Ch\u00ednh s\u00e1ch b\u1ea3o h\u00e0nh[\/vc_column][\/vc_row][vc_row][vc_column css=&#8221;.vc_custom_1611730661194{padding-top: 50px !important;}&#8221;][vc_row_inner][vc_column_inner][vc_column_text] BUKIZI c\u00f3 tr\u00e1ch nhi\u1ec7m b\u1ea3o h\u00e0nh mi\u1ec5n ph\u00ed ch\u01b0\u01a1ng tr\u00ecnh ph\u1ea7n m\u1ec1m qu\u1ea3n l\u00fd ch\u1ee9c n\u0103ng h\u1ec7 th\u1ed1ng v\u00e0 n\u1ed9i dung c\u1ee7a n\u1ec1n t\u1ea3ng trong th\u1eddi gian 12 th\u00e1ng t\u00ednh t\u1eeb ng\u00e0y hai b\u00ean k\u00fd k\u1ebft Bi\u00ean b\u1ea3n nghi\u1ec7m thu b\u00e0n giao s\u1ea3n ph\u1ea9m. \u00b7 C\u00e1c ph\u1ea7n vi\u1ec7c b\u1ea3o h\u00e0nh bao g\u1ed3m vi\u1ec7c s\u1eeda l\u1ed7i do BUKIZI x\u00e2y d\u1ef1ng v\u00e0 kh\u00f4ng bao g\u1ed3m vi\u1ec7c&hellip;<\/p>\n","category_list":"","author_info":{"name":"admin","url":"https:\/\/bukizi.com\/?author=1"},"comments_num":"0 comments","_links":{"self":[{"href":"https:\/\/bukizi.com\/index.php?rest_route=\/wp\/v2\/pages\/7005"}],"collection":[{"href":"https:\/\/bukizi.com\/index.php?rest_route=\/wp\/v2\/pages"}],"about":[{"href":"https:\/\/bukizi.com\/index.php?rest_route=\/wp\/v2\/types\/page"}],"author":[{"embeddable":true,"href":"https:\/\/bukizi.com\/index.php?rest_route=\/wp\/v2\/users\/1"}],"replies":[{"embeddable":true,"href":"https:\/\/bukizi.com\/index.php?rest_route=%2Fwp%2Fv2%2Fcomments&post=7005"}],"version-history":[{"count":10,"href":"https:\/\/bukizi.com\/index.php?rest_route=\/wp\/v2\/pages\/7005\/revisions"}],"predecessor-version":[{"id":7037,"href":"https:\/\/bukizi.com\/index.php?rest_route=\/wp\/v2\/pages\/7005\/revisions\/7037"}],"wp:attachment":[{"href":"https:\/\/bukizi.com\/index.php?rest_route=%2Fwp%2Fv2%2Fmedia&parent=7005"}],"curies":[{"name":"wp","href":"https:\/\/api.w.org\/{rel}","templated":true}]}}