{"id":1657,"date":"2019-06-10T13:59:15","date_gmt":"2019-06-10T13:59:15","guid":{"rendered":"https:\/\/ninetheme.com\/themes\/techland\/?page_id=1657"},"modified":"2021-01-27T07:05:21","modified_gmt":"2021-01-27T07:05:21","slug":"lien-he","status":"publish","type":"page","link":"https:\/\/bukizi.com\/?page_id=1657","title":{"rendered":"Li\u00ean h\u1ec7"},"content":{"rendered":"<p>[vc_row full_width=&#8221;fullwidth&#8221; techland_align_items=&#8221;&#8221; techland_lg_align_items=&#8221;&#8221; techland_md_align_items=&#8221;&#8221; techland_sm_align_items=&#8221;&#8221;][vc_column]<header id=\"top-bar\" class=\"top-bar top-bar--dark nt-shortcode-header\" data-nav-anchor=\"false\" data-res-css=\"                #nt-logo.top-bar__logo.site-logo img { width:121px; } #nt-logo.top-bar__logo.site-logo img { height:45px; }  \"><div class=\"top-bar__inner\"><div class=\"container-fluid\"><div class=\"row align-items-center no-gutters\"><a href=\"https:\/\/bukizi.com\/\" id=\"nt-logo\" class=\"top-bar__logo site-logo\"><img src=\"https:\/\/bukizi.com\/wp-content\/uploads\/2020\/09\/Asset-2@4x3.png\" alt=\"Bukizi\" class=\"img-fluid main-logo\" \/><\/a><a id=\"top-bar__navigation-toggler\" class=\"top-bar__navigation-toggler\" href=\"javascript:void(0);\"><span><\/span><\/a><div class=\"top-bar__collapse\"><nav id=\"top-bar__navigation\" class=\"top-bar__navigation\"><ul class=\"nav-menu align-to-right\"><li id=\"menu-item-6272\" class=\"menu-item menu-item-type-post_type menu-item-object-page menu-item-home nt-first-menu-item menu-item-6272\"><a href=\"https:\/\/bukizi.com\/\">Trang ch\u1ee7<\/a><\/li>\n<li id=\"menu-item-6442\" class=\"menu-item menu-item-type-post_type menu-item-object-page menu-item-6442\"><a href=\"https:\/\/bukizi.com\/?page_id=1105\">Gi\u1ea3i ph\u00e1p<\/a><\/li>\n<li id=\"menu-item-6441\" class=\"menu-item menu-item-type-post_type menu-item-object-page current_page_parent menu-item-6441\"><a href=\"https:\/\/bukizi.com\/?page_id=16\">Tin t\u1ee9c<\/a><\/li>\n<li id=\"menu-item-6577\" class=\"menu-item menu-item-type-post_type menu-item-object-page nt-last-menu-item menu-item-6577\"><a href=\"https:\/\/bukizi.com\/?page_id=1657\">Li\u00ean h\u1ec7<\/a><\/li>\n<\/ul><\/nav><div id=\"top-bar__action\" class=\"top-bar__action\"><div class=\"d-xl-flex flex-xl-row flex-xl-wrap align-items-xl-center\"><div class=\"top-bar__auth-btns\"><a class=\"btn-first\"  href=\"https:\/\/partner.bukizi.com\/auth\/sign-up\" title=\"\u0110\u0103ng k\u00fd t\u00e0i kho\u1ea3n\">\u0110\u0103ng k\u00fd t\u00e0i kho\u1ea3n<\/a><a class=\"btn-sceond custom-btn custom-btn--medium custom-btn--style-3\" href=\"https:\/\/bukizi.com\/?page_id=1086\" title=\"How It Works\">B\u1eaft \u0111\u1ea7u d\u00f9ng th\u1eed<\/a><\/div><\/div><\/div><\/div><\/div><\/div><\/div><\/header>[\/vc_column][\/vc_row][vc_row full_width=&#8221;stretch&#8221; rtl_reverse=&#8221;flex-lg-row-reverse&#8221; techland_align_items=&#8221;&#8221; techland_lg_align_items=&#8221;&#8221; techland_md_align_items=&#8221;&#8221; techland_sm_align_items=&#8221;&#8221; spacing_toggle=&#8221;yes&#8221; techland_prepadtop=&#8221;section&#8221; el_id=&#8221;about-us-3&#8243;][vc_column techland_xs_alignment=&#8221;text-xs-center&#8221; offset=&#8221;vc_col-lg-6 vc_col-xs-12&#8243;]<div class=\"section-heading  section-heading--dark \"><h6 class=\"__subtitle\">LI\u00caN H\u1ec6 CH\u00daNG T\u00d4I<\/h6><h2 class=\"__title\">C\u00d4NG TY C\u1ed4 PH\u1ea6N GI\u1ea2I PH\u00c1P V\u1ea0N V\u1eacT K\u1ebeT N\u1ed0I STG<span> <\/span><\/h2><\/div><div class=\"spacer py-2\"><\/div>[vc_column_text]\u0110\u1ecba ch\u1ec9 kinh doanh: T\u1ea7ng 1, \u0110\u01a1n nguy\u00ean A, to\u00e0 nh\u00e0 Licogi 13, s\u1ed1 164 Khu\u1ea5t Duy Ti\u1ebfn, ph\u01b0\u1eddng Nh\u00e2n Ch\u00ednh, qu\u1eadn Thanh Xu\u00e2n, H\u00e0 N\u1ed9i<\/p>\n<p>\u0110\u1ecba ch\u1ec9 v\u0103n ph\u00f2ng: T\u1ea7ng 2, to\u00e0 nh\u00e0 Dream Home Center, ng\u00f5 282 Nguy\u1ec5n Huy T\u01b0\u1edfng, ph\u01b0\u1eddng Thanh Xu\u00e2n Trung, qu\u1eadn Thanh Xu\u00e2n, H\u00e0 N\u1ed9i<\/p>\n<p>Email li\u00ean h\u1ec7: hotro@bukizi.com<\/p>\n<p>Hotline: 089 919 61 69[\/vc_column_text][\/vc_column][vc_column techland_alignment=&#8221;text-center&#8221; techland_lg_alignment=&#8221;text-lg-left&#8221; css_animation=&#8221;none&#8221; offset=&#8221;vc_col-lg-6 vc_col-xs-12&#8243;]<figure class=\"image-container js-tilt\" data-tilt-speed=\"600\" data-tilt-max=\"15\" data-tilt-perspective=\"700\"><img class=\"img-fluid\" width=\"470\" height=\"381\" src=\"https:\/\/bukizi.com\/wp-content\/uploads\/2019\/05\/img_2-1.png\"data-srcset=\"https:\/\/bukizi.com\/wp-content\/uploads\/2019\/05\/img_2-1.png 1x, https:\/\/bukizi.com\/wp-content\/uploads\/2019\/05\/img_2@2x-1.png 2x\" alt=\"Demo\" \/><\/figure>[\/vc_column][\/vc_row][vc_row full_width=&#8221;stretch&#8221; parallax=&#8221;scroll&#8221; parallax_image=&#8221;62&#8243; techland_align_items=&#8221;&#8221; techland_lg_align_items=&#8221;&#8221; techland_md_align_items=&#8221;&#8221; techland_sm_align_items=&#8221;&#8221; spacing_toggle=&#8221;yes&#8221; techland_prepadtop=&#8221;section&#8221; techland_prepadbot=&#8221;section&#8221; divider=&#8221;yes&#8221; divider_style=&#8221;type-1&#8243; divider1=&#8221;&#8221; techland_parallax_speed=&#8221;0.3&#8243; techland_bg_pos=&#8221;custom&#8221; techland_custom_bg_pos=&#8221;50% 50%&#8221; divider_height=&#8221;200&#8243; el_id=&#8221;info-block&#8221;][vc_column][vc_row_inner techland_align_items=&#8221;&#8221; techland_lg_align_items=&#8221;&#8221; techland_md_align_items=&#8221;align-items-md-center&#8221; techland_sm_align_items=&#8221;&#8221;][vc_column_inner offset=&#8221;vc_col-md-6 vc_col-xs-12&#8243;]<div class=\"section-heading  section-heading--white \"><h6 class=\"__subtitle\">D\u00d9NG TH\u1eec NGAY<\/h6><h2 class=\"__title\">\u0110\u1ed3ng h\u00e0nh c\u00f9ng Bukizi<br><span> t\u1ed1i \u01b0u Trung t\u00e2m c\u1ee7a b\u1ea1n<\/span><\/h2><\/div><div class=\"spacer py-3\"><\/div>[\/vc_column_inner][vc_column_inner techland_alignment=&#8221;text-center&#8221; el_class=&#8221;info-block&#8211;s1&#8243; offset=&#8221;vc_col-md-6 vc_col-xs-12&#8243;]<div class=\"spacer py-4 d-lg-none\"><\/div><figure class=\"image-container\"><img class=\"img-fluid\" width=\"409\" height=\"440\" src=\"https:\/\/bukizi.com\/wp-content\/uploads\/2019\/05\/img_14-1.png\"data-srcset=\"https:\/\/bukizi.com\/wp-content\/uploads\/2019\/05\/img_14-1.png 1x, https:\/\/bukizi.com\/wp-content\/uploads\/2019\/05\/img_14@2x-1.png 2x\" alt=\"demo\" \/><\/figure>[\/vc_column_inner][\/vc_row_inner][\/vc_column][vc_column]<div class=\"spacer py-4 d-none d-lg-block\"><\/div><div role=\"form\" class=\"wpcf7\" id=\"wpcf7-f525-o1\" lang=\"en-US\" dir=\"ltr\">\n<div class=\"screen-reader-response\" role=\"alert\" aria-live=\"polite\"><\/div>\n<form action=\"\/index.php?rest_route=%2Fwp%2Fv2%2Fpages%2F1657#wpcf7-f525-o1\" method=\"post\" class=\"wpcf7-form init\" novalidate=\"novalidate\">\n<div style=\"display: none;\">\n<input type=\"hidden\" name=\"_wpcf7\" value=\"525\" \/>\n<input type=\"hidden\" name=\"_wpcf7_version\" value=\"5.2.2\" \/>\n<input type=\"hidden\" name=\"_wpcf7_locale\" value=\"en_US\" \/>\n<input type=\"hidden\" name=\"_wpcf7_unit_tag\" value=\"wpcf7-f525-o1\" \/>\n<input type=\"hidden\" name=\"_wpcf7_container_post\" value=\"0\" \/>\n<input type=\"hidden\" name=\"_wpcf7_posted_data_hash\" value=\"\" \/>\n<input type=\"hidden\" name=\"_wpcf7_recaptcha_response\" value=\"\" \/>\n<\/div>\n<div class=\"js-contact-form\">\n<div class=\"col-12 col-md-6\">\n<div class=\"input-wrp\">\n<span class=\"wpcf7-form-control-wrap your-institute\"><input type=\"text\" name=\"your-institute\" value=\"\" size=\"40\" class=\"wpcf7-form-control wpcf7-text wpcf7-validates-as-required textfield textfield--dark\" aria-required=\"true\" aria-invalid=\"false\" placeholder=\"T\u00ean trung t\u00e2m (*)\" \/><\/span>\n<\/div>\n<\/div>\n<div class=\"col-12 col-md-6\">\n<div class=\"input-wrp\">\n<span class=\"wpcf7-form-control-wrap your-name\"><input type=\"text\" name=\"your-name\" value=\"\" size=\"40\" class=\"wpcf7-form-control wpcf7-text wpcf7-validates-as-required textfield textfield--dark\" aria-required=\"true\" aria-invalid=\"false\" placeholder=\"H\u1ecd t\u00ean ng\u01b0\u1eddi \u0111\u1ea1i di\u1ec7n (*)\" \/><\/span>\n<\/div>\n<\/div>\n<div class=\"col-12 col-md-6\">\n<div class=\"input-wrp\">\n<span class=\"wpcf7-form-control-wrap your-email\"><input type=\"email\" name=\"your-email\" value=\"\" size=\"40\" class=\"wpcf7-form-control wpcf7-text wpcf7-email wpcf7-validates-as-required wpcf7-validates-as-email textfield textfield--dark\" aria-required=\"true\" aria-invalid=\"false\" placeholder=\"Email (*)\" \/><\/span>\n<\/div>\n<\/div>\n<div class=\"col-12 col-md-6\">\n<div class=\"input-wrp\">\n<span class=\"wpcf7-form-control-wrap your-phone\"><input type=\"text\" name=\"your-phone\" value=\"\" size=\"40\" class=\"wpcf7-form-control wpcf7-text wpcf7-validates-as-required textfield textfield--dark\" aria-required=\"true\" aria-invalid=\"false\" placeholder=\"S\u1ed1 \u0111i\u1ec7n tho\u1ea1i (*)\" \/><\/span>\n<\/div>\n<\/div>\n<div class=\"col-12 col-md-6\">\n<label class=\"input-wrp\"><br \/>\n<span class=\"wpcf7-form-control-wrap your-description\"><textarea name=\"your-description\" cols=\"40\" rows=\"6\" class=\"wpcf7-form-control wpcf7-textarea textfield textfield--dark\" aria-invalid=\"false\" placeholder=\"T\u00f3m t\u1eaft nhu c\u1ea7u\"><\/textarea><\/span><br \/>\n<\/label>\n<\/div>\n<div class=\"col-12 col-md-6\">\n<input type=\"submit\" value=\"\u0110\u0103ng k\u00fd d\u00f9ng th\u1eed\" class=\"wpcf7-form-control wpcf7-submit custom-btn custom-btn--medium custom-btn--style-1\" \/>\n<\/div>\n<p><\/br><br \/>\n<\/br>\n<\/div>\n<div class=\"wpcf7-response-output\" role=\"alert\" aria-hidden=\"true\"><\/div><\/form><\/div>[\/vc_column][\/vc_row]<\/p>\n","protected":false},"excerpt":{"rendered":"<p>[vc_row full_width=&#8221;fullwidth&#8221; techland_align_items=&#8221;&#8221; techland_lg_align_items=&#8221;&#8221; techland_md_align_items=&#8221;&#8221; techland_sm_align_items=&#8221;&#8221;][vc_column][\/vc_column][\/vc_row][vc_row full_width=&#8221;stretch&#8221; rtl_reverse=&#8221;flex-lg-row-reverse&#8221; techland_align_items=&#8221;&#8221; techland_lg_align_items=&#8221;&#8221; techland_md_align_items=&#8221;&#8221; techland_sm_align_items=&#8221;&#8221; spacing_toggle=&#8221;yes&#8221; techland_prepadtop=&#8221;section&#8221; el_id=&#8221;about-us-3&#8243;][vc_column techland_xs_alignment=&#8221;text-xs-center&#8221; offset=&#8221;vc_col-lg-6 vc_col-xs-12&#8243;][vc_column_text]\u0110\u1ecba ch\u1ec9 kinh doanh: T\u1ea7ng 1, \u0110\u01a1n nguy\u00ean A, to\u00e0 nh\u00e0 Licogi 13, s\u1ed1 164 Khu\u1ea5t Duy Ti\u1ebfn, ph\u01b0\u1eddng Nh\u00e2n Ch\u00ednh, qu\u1eadn Thanh Xu\u00e2n, H\u00e0 N\u1ed9i \u0110\u1ecba ch\u1ec9 v\u0103n ph\u00f2ng: T\u1ea7ng 2, to\u00e0 nh\u00e0 Dream Home Center, ng\u00f5&#8230;<\/p>\n","protected":false},"author":1,"featured_media":0,"parent":0,"menu_order":0,"comment_status":"closed","ping_status":"closed","template":"custom-page.php","meta":{"kk_blocks_editor_width":"","_kiokenblocks_attr":"","_kiokenblocks_dimensions":""},"featured_image_urls":{"full":"","thumbnail":"","medium":"","medium_large":"","large":"","1536x1536":"","2048x2048":"","the_grid_size1":"","the_grid_size2":"","the_grid_size3":"","the_grid_size4":"","the_grid_size5":"","woocommerce_thumbnail":"","woocommerce_single":"","woocommerce_gallery_thumbnail":"","shop_catalog":"","shop_single":"","shop_thumbnail":""},"post_excerpt_stackable":"<p>[vc_row full_width=&#8221;fullwidth&#8221; techland_align_items=&#8221;&#8221; techland_lg_align_items=&#8221;&#8221; techland_md_align_items=&#8221;&#8221; techland_sm_align_items=&#8221;&#8221;][vc_column]Trang ch\u1ee7 Gi\u1ea3i ph\u00e1p Tin t\u1ee9c Li\u00ean h\u1ec7 \u0110\u0103ng k\u00fd t\u00e0i kho\u1ea3nB\u1eaft \u0111\u1ea7u d\u00f9ng th\u1eed[\/vc_column][\/vc_row][vc_row full_width=&#8221;stretch&#8221; rtl_reverse=&#8221;flex-lg-row-reverse&#8221; techland_align_items=&#8221;&#8221; techland_lg_align_items=&#8221;&#8221; techland_md_align_items=&#8221;&#8221; techland_sm_align_items=&#8221;&#8221; spacing_toggle=&#8221;yes&#8221; techland_prepadtop=&#8221;section&#8221; el_id=&#8221;about-us-3&#8243;][vc_column techland_xs_alignment=&#8221;text-xs-center&#8221; offset=&#8221;vc_col-lg-6 vc_col-xs-12&#8243;]LI\u00caN H\u1ec6 CH\u00daNG T\u00d4IC\u00d4NG TY C\u1ed4 PH\u1ea6N GI\u1ea2I PH\u00c1P V\u1ea0N V\u1eacT K\u1ebeT N\u1ed0I STG [vc_column_text]\u0110\u1ecba ch\u1ec9 kinh doanh: T\u1ea7ng 1, \u0110\u01a1n nguy\u00ean A, to\u00e0 nh\u00e0 Licogi 13, s\u1ed1 164 Khu\u1ea5t Duy Ti\u1ebfn, ph\u01b0\u1eddng Nh\u00e2n Ch\u00ednh, qu\u1eadn Thanh Xu\u00e2n, H\u00e0 N\u1ed9i \u0110\u1ecba ch\u1ec9 v\u0103n ph\u00f2ng: T\u1ea7ng 2, to\u00e0 nh\u00e0 Dream Home Center, ng\u00f5 282 Nguy\u1ec5n Huy T\u01b0\u1edfng, ph\u01b0\u1eddng Thanh Xu\u00e2n Trung, qu\u1eadn Thanh Xu\u00e2n, H\u00e0 N\u1ed9i Email li\u00ean h\u1ec7: hotro@bukizi.com&hellip;<\/p>\n","category_list":"","author_info":{"name":"admin","url":"https:\/\/bukizi.com\/?author=1"},"comments_num":"0 comments","_links":{"self":[{"href":"https:\/\/bukizi.com\/index.php?rest_route=\/wp\/v2\/pages\/1657"}],"collection":[{"href":"https:\/\/bukizi.com\/index.php?rest_route=\/wp\/v2\/pages"}],"about":[{"href":"https:\/\/bukizi.com\/index.php?rest_route=\/wp\/v2\/types\/page"}],"author":[{"embeddable":true,"href":"https:\/\/bukizi.com\/index.php?rest_route=\/wp\/v2\/users\/1"}],"replies":[{"embeddable":true,"href":"https:\/\/bukizi.com\/index.php?rest_route=%2Fwp%2Fv2%2Fcomments&post=1657"}],"version-history":[{"count":13,"href":"https:\/\/bukizi.com\/index.php?rest_route=\/wp\/v2\/pages\/1657\/revisions"}],"predecessor-version":[{"id":6882,"href":"https:\/\/bukizi.com\/index.php?rest_route=\/wp\/v2\/pages\/1657\/revisions\/6882"}],"wp:attachment":[{"href":"https:\/\/bukizi.com\/index.php?rest_route=%2Fwp%2Fv2%2Fmedia&parent=1657"}],"curies":[{"name":"wp","href":"https:\/\/api.w.org\/{rel}","templated":true}]}}